?
True
Is 2958 a factor of 366797998?
False
Is 3 a factor of 2379007?
False
Is 431637558 a multiple of 1076?
False
Does 112 divide 1547243040?
True
Does 50 divide 888185000?
True
Is 4 a factor of 11475445?
False
Is 284 a factor of 30911236?
False
Does 14 divide 166113038?
True
Is 1062334 a multiple of 9?
False
Is 45 a factor of 24121485?
True
Is 166253644 a multiple of 38?
False
Is 4158936448 a multiple of 2432?
True
Is 935 a factor of 16545760?
True
Does 1225 divide 1339571114?
False
Is 705 a factor of 69011030?
False
Does 102 divide 437132526?
True
Does 282 divide 43902324?
True
Does 66 divide 369926766?
True
Is 1053 a factor of 217489779?
True
Is 904051406 a multiple of 18?
False
Is 14 a factor of 166053944?
True
Is 109565508 a multiple of 2846?
False
Does 29 divide 91353824?
False
Is 103876196 a multiple of 11?
False
Is 13 a factor of 33449550?
False
Is 491 a factor of 45563095?
False
Is 1682 a factor of 228398982?
False
Does 7861 divide 1733348763?
False
Does 30 divide 131973600?
True
Is 986 a factor of 134120360?
False
Is 18 a factor of 21120210?
True
Is 14 a factor of 828374338?
False
Does 71 divide 16480733?
True
Is 35104115 a multiple of 1121?
True
Is 215336886 a multiple of 277?
False
Is 384514690 a multiple of 14?
True
Is 161165403 a multiple of 9387?
True
Does 12 divide 66403916?
False
Does 3789 divide 86472558?
True
Is 1864241140 a multiple of 115?
False
Is 1218364880 a multiple of 10?
True
Is 60569914 a multiple of 263?
False
Is 1718104 a multiple of 6?
False
Is 466193339 a multiple of 1369?
False
Does 4 divide 6517172?
True
Is 14 a factor of 1549649626?
True
Is 61 a factor of 46344069?
False
Is 71708201 a multiple of 8?
False
Does 535 divide 238959355?
True
Is 73880244 a multiple of 97?
True
Is 3018 a factor of 190194360?
True
Is 482257556 a multiple of 7138?
True
Is 247034520 a multiple of 244?
False
Does 64 divide 7772096?
True
Is 29952455 a multiple of 1535?
True
Is 1003 a factor of 6587704?
True
Does 2838 divide 124415082?
True
Is 27709860 a multiple of 30?
True
Is 6 a factor of 1178378?
False
Does 1433 divide 61658090?
False
Does 32 divide 1721600?
True
Is 1184 a factor of 38278720?
True
Does 127 divide 1936194073?
False
Is 5121 a factor of 116303835?
False
Is 7 a factor of 2303301784?
True
Is 725861340 a multiple of 60?
True
Is 1278367016 a multiple of 662?
True
Does 64 divide 4143366144?
True
Does 21 divide 45553941?
False
Does 2430 divide 1832221002?
False
Is 31872439 a multiple of 220?
False
Is 131 a factor of 42305926?
True
Is 331 a factor of 516689014?
True
Does 91 divide 235218165?
True
Is 65312913 a multiple of 19?
False
Is 5965416 a multiple of 348?
True
Does 4281 divide 4337877366?
True
Does 276 divide 3309010644?
True
Is 24 a factor of 2501572902?
False
Is 594742 a multiple of 24?
False
Is 10 a factor of 656234970?
True
Is 102 a factor of 268879956?
True
Is 6994000 a multiple of 2000?
True
Does 2 divide 493328?
True
Is 85 a factor of 28670781?
False
Is 1694101332 a multiple of 77?
True
Is 384 a factor of 42002688?
True
Does 55 divide 617972053?
False
Does 78 divide 10153783?
False
Is 250088313 a multiple of 3415?
False
Is 51 a factor of 117343707?
True
Is 976909406 a multiple of 2819?
False
Is 254 a factor of 859140?
False
Is 76604605 a multiple of 1477?
True
Is 7 a factor of 11018915?
False
Does 106 divide 368543665?
False
Does 31 divide 1420389?
True
Is 105 a factor of 293837219?
False
Is 2459100 a multiple of 10?
True
Does 1609 divide 115930059?
True
Is 493 a factor of 19151335?
False
Is 2436743889 a multiple of 4965?
False
Is 1957443430 a multiple of 5?
True
Is 20875895 a multiple of 683?
True
Does 297 divide 20154419?
False
Does 154 divide 10494248?
False
Is 2092 a factor of 174225944?
True
Is 883630987 a multiple of 7013?
True
Is 752622690 a multiple of 85?
False
Is 1318820586 a multiple of 2339?
False
Is 37539975 a multiple of 33?
True
Is 56 a factor of 1001426073?
False
Is 915741 a multiple of 65?
False
Does 15 divide 656942550?
True
Is 173207446 a multiple of 81?
False
Is 1159 a factor of 1034614961?
True
Is 44540764 a multiple of 5?
False
Is 11 a factor of 2446334?
True
Is 4338385999 a multiple of 11699?
False
Is 55 a factor of 32540420?
True
Is 2900 a factor of 160848500?
True
Does 696 divide 622647836?
False
Is 8 a factor of 14941985?
False
Is 16 a factor of 35261136?
True
Is 26 a factor of 34458736?
True
Is 61251553 a multiple of 19?
False
Does 13 divide 1178920?
False
Does 41 divide 162408257?
True
Is 1510 a factor of 243479950?
True
Is 407 a factor of 37027318?
False
Is 30 a factor of 250231800?
True
Is 59796221 a multiple of 116?
False
Does 189 divide 39204270?
True
Is 90970179 a multiple of 3080?
False
Is 101 a factor of 105206633?
False
Is 252047160 a multiple of 769?
False
Does 36 divide 5884704?
True
Is 2525712873 a multiple of 4314?
False
Is 15 a factor of 1106341575?
True
Is 113194779 a multiple of 53?
False
Does 62 divide 13748604?
False
Is 763679196 a multiple of 57?
False
Does 71 divide 2228458800?
False
Is 32197095 a multiple of 27?
True
Is 299 a factor of 49366096?
True
Is 735682506 a multiple of 13?
True
Is 7468 a factor of 648521120?
True
Is 17 a factor of 57537452?
True
Is 73 a factor of 1184491576?
True
Does 1570 divide 352913980?
False
Does 1298 divide 35339348?
True
Is 12 a factor of 3271444958?
False
Is 997617342 a multiple of 58?
True
Is 647 a factor of 32061438?
True
Does 521 divide 157223733?
True
Does 1689 divide 15075517?
False
Is 181007790 a multiple of 346?
False
Is 156698317 a multiple of 37?
False
Is 11437772 a multiple of 5?
False
Does 15 divide 7313994?
False
Does 74 divide 3829737762?
True
Does 9 divide 2973472359?
False
Is 23 a factor of 52721865?
True
Is 137 a factor of 130610457?
True
Does 110 divide 56815054?
False
Is 13 a factor of 26409894?
False
Is 2036 a factor of 741953012?
True
Does 23 divide 501087019?
False
Is 547282541 a multiple of 13?
True
Does 259 divide 851858548?
False
Is 1052268903 a multiple of 420?
False
Is 12795363 a multiple of 2447?
True
Does 1577 divide 329620717?
False
Does 3568 divide 143710936?
False
Is 405 a factor of 89902305?
True
Is 16 a factor of 375059110?
False
Does 2 divide 5823881?
False
Is 240 a factor of 25381698?
False
Does 23 divide 1888734493?
True
Is 981436245 a multiple of 91?
False
Does 30 divide 1086265290?
True
Is 1398 a factor of 169072832?
False
Is 458 a factor of 45088726?
True
Is 3376958 a multiple of 102?
False
Does 5295 divide 1600907916?
False
Is 17959000 a multiple of 1000?
True
Is 29727018 a multiple of 387?
True
Is 75155580 a multiple of 20?
True
Is 3624695055 a multiple of 135?
True
Does 471 divide 234298211?
False
Is 140278284 a multiple of 54?
True
Is 17294618 a multiple of 20?
False
Is 60 a factor of 1167299618?
False
Is 1776955908 a multiple of 2132?
True
Does 135 divide 159669648?
False
Is 9852206 a multiple of 748?
False
Is 24 a factor of 333553752?
True
Is 743 a factor of 31058143?
True
Is 221 a factor of 407343924?
False
Is 408076219 a multiple of 1147?
True
Is 52021819 a multiple of 153?
False
Does 4070 divide 359673396?
False
Is 32 a factor of 58534810?
False
Is 622 a factor of 212912466?
True
Is 7 a factor of 1275296715?
True
Does 252 divide 108726408?
True
Does 857 divide 251302358?
False
Is 4628779105 a multiple of 534?
False
Is 72 a factor of 1737141?
False
Is 8 a factor of 16571680?
True
Is 23 a factor of 42002462?
True
Does 57 divide 27333780?
True
Is 407 a factor of 40343650?
False
Does 496 divide 116688928?
False
Does 12 divide 43346619?
False
Does 69 divide 28109038?
False
Is 48 a factor of 226063138?
False
Is 17 a factor of 1032023474?
False
Is 45 a factor of 374635024?
False
Is 73736254 a multiple of 50?
False
Does 50 divide 536500?
True
Does 1114 divide 783161378?
False
Is 268 a factor of 304927372?
False
Is 1639655632 a multiple of 37?
False
Is 56 a factor of 2745102640?
True
Is 11926506 a multiple of 93?
True
Is 5396616 a multiple of 51?
True
Is 52 a factor of 1871036212?
False
Does 211 divide 143709146?
True
Is 11102069 a multiple of 52?
False
Is 115 a factor of 44716485?
True
Is 8780395 a multiple of 845?
True
Is 236 a factor of 24298324?
True
Is 19900915 a multiple of 4080?
False
Is 1090668544 a multiple of 14?
True
Is 110287107 a multiple of 63?
True
Is 213888891 a multiple of 2